ndred millions digit of 422568587?
4
What is the millions digit of 98030917?
8
What is the thousands digit of 1918056107?
6
What is the tens digit of 124325606?
0
What is the thousands digit of 3950998462?
8
What is the millions digit of 63667383?
3
What is the ten thousands digit of 80355516?
5
What is the ten thousands digit of 17376182?
7
What is the ten thousands digit of 174223583?
2
What is the ten millions digit of 288537874?
8
What is the tens digit of 969395570?
7
What is the thousands digit of 26902287?
2
What is the hundreds digit of 330934353?
3
What is the hundreds digit of 1402660294?
2
What is the units digit of 286235450?
0
What is the units digit of 59000068?
8
What is the units digit of 296143218?
8
What is the units digit of 895271391?
1
What is the tens digit of 1006885643?
4
What is the hundred thousands digit of 204423362?
4
What is the millions digit of 109716211?
9
What is the thousands digit of 44965252?
5
What is the hundred thousands digit of 36692508?
6
What is the thousands digit of 41297667?
7
What is the ten millions digit of 983823081?
8
What is the ten millions digit of 112279147?
1
What is the billions digit of 1784110791?
1
What is the ten thousands digit of 87818866?
1
What is the ten thousands digit of 178445801?
4
What is the millions digit of 149188362?
9
What is the hundred thousands digit of 125622649?
6
What is the millions digit of 5722497?
5
What is the hundred millions digit of 474875470?
4
What is the hundred thousands digit of 557516729?
5
What is the hundred thousands digit of 31470311?
4
What is the hundred thousands digit of 607519320?
5
What is the hundred thousands digit of 71289987?
2
What is the thousands digit of 19276173?
6
What is the thousands digit of 102094841?
4
What is the ten thousands digit of 104918109?
1
What is the hundred thousands digit of 28869524?
8
What is the tens digit of 2087908976?
7
What is the hundred thousands digit of 4131065755?
0
What is the ten thousands digit of 482912607?
1
What is the ten thousands digit of 528217290?
1
What is the millions digit of 550385201?
0
What is the hundreds digit of 1584569283?
2
What is the millions digit of 76919814?
6
What is the hundreds digit of 1382264506?
5
What is the units digit of 6045018?
8
What is the millions digit of 227104051?
7
What is the millions digit of 27234157?
7
What is the ten thousands digit of 135567698?
6
What is the thousands digit of 23918515?
8
What is the ten thousands digit of 935126244?
2
What is the units digit of 1370425953?
3
What is the hundreds digit of 1926100245?
2
What is the billions digit of 3010982245?
3
What is the hundred millions digit of 216118087?
2
What is the thousands digit of 3853654972?
4
What is the hundred millions digit of 478371838?
4
What is the ten millions digit of 1665423686?
6
What is the hundred millions digit of 5021866631?
0
What is the thousands digit of 57204645?
4
What is the hundred thousands digit of 154291122?
2
What is the ten thousands digit of 94313969?
1
What is the ten millions digit of 47507712?
4
What is the hundred millions digit of 411450397?
4
What is the millions digit of 1306886148?
6
What is the thousands digit of 46858150?
8
What is the ten thousands digit of 816698408?
9
What is the tens digit of 263646423?
2
What is the millions digit of 163394870?
3
What is the hundreds digit of 386952593?
5
What is the ten thousands digit of 18456590?
5
What is the tens digit of 1422487125?
2
What is the millions digit of 113466699?
3
What is the hundred thousands digit of 118699950?
6
What is the billions digit of 1562723027?
1
What is the hundred thousands digit of 887306991?
3
What is the tens digit of 361119794?
9
What is the millions digit of 729040023?
9
What is the hundred thousands digit of 158391022?
3
What is the units digit of 46963460?
0
What is the ten thousands digit of 1536612116?
1
What is the thousands digit of 368811448?
1
What is the units digit of 669553405?
5
What is the millions digit of 328724844?
8
What is the hundred thousands digit of 4001413889?
4
What is the thousands digit of 1153083136?
3
What is the millions digit of 105028014?
5
What is the thousands digit of 1399122?
9
What is the ten millions digit of 36026372?
3
What is the hundred thousands digit of 1640117423?
1
What is the ten millions digit of 1844638844?
4
What is the ten thousands digit of 2139065755?
6
What is the thousands digit of 12267875?
7
What is the ten thousands digit of 33760383?
6
What is the millions digit of 1377815994?
7
What is the ten thousands digit of 235205613?
0
What is the tens digit of 128874172?
7
What is the hundred millions digit of 144181681?
1
What is the ten millions digit of 31707827?
3
What is the hundred thousands digit of 80693215?
6
What is the thousands digit of 17337342?
7
What is the tens digit of 193335850?
5
What is the ten millions digit of 172545635?
7
What is the hundreds digit of 3860011725?
7
What is the hundred thousands digit of 240697427?
6
What is the ten millions digit of 16841318?
1
What is the tens digit of 149267077?
7
What is the thousands digit of 52635334?
5
What is the ten millions digit of 316266985?
1
What is the millions digit of 268899158?
8
What is the units digit of 5984642?
2
What is the ten thousands digit of 72214895?
1
What is the tens digit of 424883184?
8
What is the hundred millions digit of 583752637?
5
What is the ten millions digit of 27511892?
2
What is the ten thousands digit of 1671254376?
5
What is the hundreds digit of 182829980?
9
What is the ten millions digit of 114058892?
1
What is the millions digit of 54303233?
4
What is the ten millions digit of 79106558?
7
What is the hundreds digit of 151096045?
0
What is the ten millions digit of 598946223?
9
What is the thousands digit of 162282283?
2
What is the hundreds digit of 82898302?
3
What is the ten thousands digit of 28680960?
8
What is the hundred millions digit of 264813674?
2
What is the units digit of 786216554?
4
What is the units digit of 49985445?
5
What is the hundreds digit of 440581883?
8
What is the hundreds digit of 119851992?
9
What is the billions digit of 1036221613?
1
What is the millions digit of 6173361?
6
What is the units digit of 748181411?
1
What is the tens digit of 764276252?
5
What is the billions digit of 8883168863?
8
What is the ten thousands digit of 2435266836?
6
What is the millions digit of 303337944?
3
What is the ten thousands digit of 1459315741?
1
What is the millions digit of 1510581476?
0
What is the ten millions digit of 3991834973?
9
What is the hundreds digit of 177213122?
1
What is the units digit of 24021211?
1
What is the thousands digit of 247892093?
2
What is the tens digit of 227917039?
3
What is the units digit of 116714447?
7
What is the ten thousands digit of 77559897?
5
What is the ten thousands digit of 1115136168?
3
What is the hundred millions digit of 107830458?
1
What is the units digit of 498607209?
9
What is the ten thousands digit of 622587465?
8
What is the thousands digit of 665589604?
9
What is the ten millions digit of 119878319?
1
What is the hundreds digit of 3174019859?
8
What is the millions digit of 157914509?
7
What is the hundred thousands digit of 358788928?
7
What is the hundred thousands digit of 1260479977?
4
What is the hundred thousands digit of 183970290?
9
What is the millions digit of 21184764?
1
What is the millions digit of 40947227?
0
What is the thousands digit of 2792101566?
1
What is the units digit of 4792504326?
6
What is the hundred thousands digit of 85122251?
1
What is the thousands digit of 543481?
3
What is the tens digit of 27882033?
3
What is the units digit of 184091254?
4
What is the tens digit of 27774614?
1
What is the tens digit of 2783392?
9
What is the hundred thousands digit of 530217114?
2
What is the tens digit of 4288451281?
8
What is the tens digit of 130433768?
6
What is the tens digit of 3835776470?
7
What is the hundreds digit of 118518734?
7
What is the ten millions digit of 852455456?
5
What is the hundreds digit of 267609467?
4
What is the millions digit of 21776535?
1
What is the hundred thousands digit of 338559608?
5
What is the millions digit of 84118822?
4
What is the units digit of 180154011?
1
What is the hundreds digit o